 15
-994ed
1000001000110111001 (base 2) to base 13
944cc
Convert 6253114 (base 8) to base 5.
411113432
Convert 167284 (base 13) to base 6.
15545324
What is -112141 (base 6) in base 11?
-7206
What is -15221015 (base 6) in base 15?
-a7792
Convert -10101100110111100011 (base 2) to base 4.
-2230313203
-1a750 (base 13) to base 5
-3124104
Convert ac42 (base 14) to base 15.
8ca0
-110202000102011 (base 3) to base 15
-8db46d
What is 2022637 (base 8) in base 5?
114041134
Convert -1000011001011101010101100 (base 2) to base 5.
-14002031221
What is 10022442 (base 5) in base 11?
54a08
34641 (base 12) to base 2
10001000110010001
What is 1213b (base 14) in base 12?
21675
Convert 200221110201011 (base 3) to base 16.
999d4e
Convert 31032111 (base 4) to base 7.
313626
Convert 158747 (base 9) to base 3.
11222211121
What is -30301212 (base 4) in base 14?
-150d8
-221020000221 (base 3) to base 8
-1711532
Convert -1960a7 (base 12) to base 11.
-285060
-1561715 (base 8) to base 16
-6e3cd
11121022202112 (base 3) to base 11
1421587
What is -1813178 (base 9) in base 15?
-150108
Convert 2052c9 (base 13) to base 2.
10111000000110011010
What is ac05d (base 16) in base 5?
140021410
Convert -5430206 (base 8) to base 16.
-163086
What is -5244516 (base 7) in base 15?
-c78b3
7035c (base 14) to base 11
1745a5
Convert -11354511 (base 7) to base 4.
-3311122323
Convert -2174a18 (base 13) to base 7.
-152666430
What is -350330 (base 6) in base 15?
-8d09
What is 59490 (base 13) in base 7?
1250205
22022022221220 (base 3) to base 5
2112244043
221222010100 (base 3) to base 15
a1699
What is -6c8788 (base 13) in base 12?
-a4a581
What is -320761 (base 9) in base 3?
-100200212001
1a967 (base 16) to base 10
108903
Convert -100da (base 15) to base 6.
-1031154
What is -41403 (base 12) in base 13?
-2ca5a
13111321211 (base 4) to base 3
10121210012112
-141981 (base 11) to base 12
-a8664
-5d42a6 (base 15) to base 5
-2121002411
What is 2a468 (base 11) in base 10?
43150
What is 1460382 (base 9) in base 14?
1702da
Convert -20220202121 (base 3) to base 7.
-1104640
What is -3420022112 (base 5) in base 13?
-1755007
-101012011133 (base 4) to base 14
-849223
What is -32211023303 (base 4) in base 12?
-1343bab
Convert 249043 (base 11) to base 12.
16b304
-bbf6 (base 16) to base 3
-2110000011
-101110110110000001000 (base 2) to base 9
-2788537
Convert -11001101101110001 (base 2) to base 16.
-19b71
Convert 2434601 (base 12) to base 8.
32660541
-1276186 (base 10) to base 6
-43204134
-100000100011001000010 (base 2) to base 9
-2005038
What is -2530b2 (base 12) in base 11?
-384881
What is -1462056 (base 7) in base 3?
-101011100210
What is -2d042 (base 14) in base 2?
-11011011110110010
1981dc (base 15) to base 6
42344000
12110111022 (base 3) to base 16
1a402
What is 434337 (base 8) in base 4?
203203133
Convert -37577577 (base 8) to base 14.
-11691dd
Convert -113222110300 (base 4) to base 10.
-6202672
What is -2a3c6 (base 15) in base 9?
-226326
-50850 (base 9) to base 14
-c2ca
What is 147936 (base 10) in base 2?
100100000111100000
Convert -167813 (base 9) to base 10.
-104178
Convert -232021230203 (base 4) to base 14.
-186d031
Convert -2468113 (base 9) to base 4.
-11020031301
87eca5 (base 15) to base 3
110012012011202
-251235 (base 6) to base 9
-33575
What is 51857 (base 9) in base 7?
201544
Convert 1312348 (base 10) to base 3.
2110200012111
What is 538c6 (base 14) in base 13?
70c78
Convert -483b4 (base 12) to base 16.
-17c38
What is -1d3be (base 16) in base 3?
-20002020220
Convert 4611425 (base 7) to base 14.
10d485
Convert -9359019 (base 10) to base 11.
-531262a
What is -97589 (base 13) in base 2?
-1000010101111101010
-112020313232 (base 4) to base 5
-2441203002
-6b189 (base 16) to base 8
-1530611
Convert -1a9603 (base 16) to base 8.
-6513003
Convert -22200101112212 (base 3) to base 2.
-10001100110010110001001
Convert 711741 (base 9) to base 8.
1466565
-939dc (base 15) to base 14
-c2794
Convert 5c200 (base 16) to base 13.
1029a6
-10201211301 (base 4) to base 7
-13040124
What is -736a61 (base 12) in base 7?
-21302131
2dd60 (base 14) to base 5
12141021
What is 31320023 (base 4) in base 16?
de0b
Convert -367ede (base 15) to base 2.
-1001111100111011011011
Convert 34211232 (base 5) to base 14.
7caa2
4a929 (base 12) to base 16
18cb1
Convert 6787a (base 13) to base 11.
11943a
Convert 53036206 (base 7) to base 6.
240004511
What is 126a83 (base 11) in base 3?
101010211100
Convert 2b2dbe (base 16) to base 6.
140352422
What is 11111211122 (base 3) in base 16?
15af4
-89072b (base 14) to base 5
-2142242442
What is -54744377 (base 8) in base 16?
-b3c8ff
What is 887a2 (base 14) in base 8?
1206052
Convert -d09c9d (base 16) to base 15.
-1300c8b
Convert -3b11 (base 13) to base 9.
-12544
Convert -49799 (base 11) to base 16.
-1174a
Convert 35455654 (base 7) to base 12.
1075277
Convert 10456726 (base 8) to base 9.
4212445
Convert 39e9 (base 15) to base 16.
3051
Convert -22120221020 (base 3) to base 7.
-1302642
Convert 1b66b (base 13) to base 5.
3210311
Convert 170332 (base 8) to base 2.
1111000011011010
What is 87381 (base 9) in base 3?
2221102201
What is 652164 (base 10) in base 2?
10011111001110000100
4520151 (base 6) to base 11
146471
Convert 455 (base 8) to base 7.
610
What is 33540310 (base 7) in base 16?
2c83f9
What is -39dea (base 16) in base 11?
-1520a6
-1133013010 (base 4) to base 6
-12203324
Convert -77591a (base 16) to base 9.
-15641180
What is 12bc0a (base 13) in base 9?
762553
What is -411a4 (base 14) in base 8?
-462114
Convert -10aa6 (base 12) to base 16.
-571e
What is 1212003221 (base 4) in base 16?
660e9
Convert 44b8 (base 15) to base 9.
21882
Convert -1001001011101001000101 (base 2) to base 16.
-24ba45
Convert -342c3 (base 14) to base 8.
-367503
-143422243 (base 5) to base 6
-24213213
Convert 3284d (base 16) to base 13.
73254
What is -11547760 (base 8) in base 14?
-4a2d7a
Convert -100011001001111101101101 (base 2) to base 15.
-c20953
What is -6a76d (base 14) in base 7?
-2130166
What is -3a147 (base 12) in base 13?
-2a36a
10012000212002 (base 3) to base 9
3160762
1302221414 (base 5) to base 14
5c50ac
What is 4211313 (base 8) in base 7?
12340111
What is 111111111221220 (base 3) in base 10?
7174788
What is -10313402 (base 5) in base 4?
-111220122
538003 (base 14) to base 15
3ac668
Convert 212211221 (base 3) to base 15.
5241
101353251 (base 6) to base 16
1ace9f
-516593 (base 13) to base 10
-1899173
What is 60276 (base 9) in base 6?
503153
What is 611314 (base 7) in base 3?
12021022101
What is -251004 (base 7) in base 15?
-d946
37a06 (base 14) to base 12
66b46
613142 (base 8) to base 2
110001011001100010
32146106 (base 7) to base 6
134335255
179451 (base 10) to base 13
638ac
What is -20b62 (base 16) in base 3?
-20210210110
What is -3182704 (base 12) in base 10?
-9377140
Convert 258171 (base 11) to base 6.
12412202
65323a5 (base 12) to base 11
a941aa1
What is 20a928 (base 15) in base 8?
5734203
Convert 100320433 (base 5) to base 7.
3261112
49243 (base 11) to base 3
10121011102
What is 354493 (base 13) in base 9?
2338884
What is 11edd (base 15) in base 3?
2220200101
11c6e (base 15) to base 5
3304204
-124161 (base 15) to base 8
-3253711
Convert 49865 (base 16) to base 11.
19629a
What is 517a208 (base 11) in base 12?
308649b
Convert -23200102 (base 4) to base 8.
-134022
What is 11001100100010110100 (base 2) in base 6?
25542432
Convert 1043330442 (base 5) to base 14.
446c6c
-1134565 (base 9) to base 15
-c1bd8
91a4 (base 11) to base 8
27666
Convert 31222333 (base 4) to base 11.
39089
What is -10a60 (base 13) in base 14?
-b0a5
16488 (base 15) to base 2
10001100011011111
411004213 (base 5) to base 12
67a974
What is e1c680 (base 16) in base 6?
1245045532
Convert -3e6c84 (base 16) to base 7.
-46526102
What is -452552 (base 7) in base 15?
-18b6b
121222102 (base 4) to base 5
11330411
3102110030 (base 4) to base 16
d250c
Convert -42114350 (base 6) to base 12.
-4ab9b6
What is -110132143 (base 5) in base 15?
-956d3
92106 (base 11) to base 5
13301213
Convert 31142163 (base 8) to base 13.
14a2b38
-4307 (base 15) to base 5
-423212
Convert 152b12 (base 15) to base 7.
11453561
Convert 5b2c8 (base 13) to base 6.
3331202
Convert -2021030321 (base 4) to base 16.
-89339
What is -111011010100000011 (base 2) in base 5?
-30233242
What is -456120 (b